Informes Climáticos de Piles estilo NOAA


Report for 2019 Julio
                  MONTHLY CLIMATOLOGICAL SUMMARY FOR 7/2019
                                        HEAT  COOL        
     MEAN                               DEG   DEG       WIND SPEED       DOM MEAN  MEAN
DAY  TEMP  HIGH   TIME     LOW   TIME   DAYS  DAYS RAIN AVG  HI  TIME    DIR BAROM HUM
---------------------------------------------------------------------------------------
1    24.9  27.1    14:03  22.3     7:44   40    0  0.00   7  27    15:19 NNE1018.65   90
2    25.0  26.7    15:57  22.8     6:42   40    0  0.00   7  27    16:09 ENE1017.86   92
3    25.0  27.5    16:25  21.8     7:06   40    0  0.00   7  24    14:48   W1017.03   85
4    25.3  27.6    13:52  22.3     7:15   40    0  0.00   7  24    14:52 ENE1018.36   87
5    25.8  27.8    20:26  22.9     7:01   39    0  0.00   8  24    18:12   W1018.35   87
6    28.5  37.9    20:01  24.0     6:43   36    0  0.00   6  50    18:43   E1015.13   79
7    29.3  33.7    14:36  26.2     7:00   36    0  0.00   6  35    19:12   N1013.73   74
8    26.2  28.2    15:09  24.7     7:14   39    0  0.00   6  26    12:51  NE1014.19   88
9    26.8  31.3    17:51  23.1     7:25   38    0  0.00  11  37    14:49   W1013.90   74
10   25.9  30.3    18:35  22.5     7:21   39    0  0.00   9  39    17:13 ESE1016.73   83
11   27.8  34.6    18:33  22.9     6:53   37    0  0.00   8  32    19:18 ESE1016.41   72
12   28.5  36.6    18:35  23.8     6:53   37    0  0.00   6  29    17:17 ESE1016.71   71
13   26.7  28.8    15:16  24.7     6:19   38    0  0.00   7  26    14:11  NE1016.26   82
14   25.7  27.4    11:14  23.4     6:41   39    0  0.00   8  32    11:21 WNW1013.68   88
15   26.5  29.2    20:54  23.0     7:25   39    0  0.00   7  31    18:06 WNW1013.72   83
16   27.2  31.3    16:50  24.3     7:16   39    0  0.00  12  50    15:19  SE1017.06   78
17   26.4  26.6     0:16  26.1     0:57    1    0  0.00   0  16     0:59 SSE1017.75   65
---------------------------------------------------------------------------------------
TOT  26.6  37.9   6/7/19  21.8   3/7/19  617    0  0.00   8  50   6/7/19   E1016.12   82

HEAT BASE: 65.0
COOL BASE: 65.0