Informes Climáticos de Piles estilo NOAA


Report for 2012 Agosto
                  MONTHLY CLIMATOLOGICAL SUMMARY FOR 8/2012
                                        HEAT  COOL        
     MEAN                               DEG   DEG       WIND SPEED       DOM MEAN  MEAN
DAY  TEMP  HIGH   TIME     LOW   TIME   DAYS  DAYS RAIN AVG  HI  TIME    DIR BAROM HUM
---------------------------------------------------------------------------------------
1    27.6  33.8    15:43  23.4     7:30   37    0  0.00   5  31    22:37   E1015.05   81
2    26.5  28.1    17:07  24.7     6:41   39    0  0.00   7  26    10:59 ENE1016.56   86
3    26.1  28.1    15:35  24.0     7:34   38    0  0.00   8  29    14:14 NNW1018.02   82
4    27.3  31.8    17:58  24.7     5:59   38    0  0.00   9  40    16:55 NNW1014.51   78
5    27.7  33.9    19:21  23.9     7:50   37    0  0.00   8  35    16:24   W1010.61   75
6    26.3  27.7    12:04  25.2    23:55   39    0  0.00  10  29    13:53 ENE1017.68   76
7    25.6  27.1    13:48  24.7     7:26   39    0  0.20  12  34     6:07  NE1023.63   79
8    25.2  27.0    17:47  22.9     6:47   41    0  0.00   6  27    11:15 WNW1022.83   79
9    26.2  30.2    17:58  23.3     4:16   38    0  0.00   8  35    13:47   W1022.02   79
10   27.0  30.3    19:04  24.0     6:50   38    0  0.00   6  27    15:50 ENE1020.66   85
11   27.1  29.8    15:19  25.3     7:22   38    0  1.00   6  42    16:43 ENE1017.57   91
12   26.4  28.1    15:20  24.3     6:57   39    0  0.00   7  24    12:26 WNW1014.69   90
13   26.9  30.8    19:12  24.8     2:47   37    0  0.00   8  34    18:35 NNE1014.72   79
14   27.8  32.3    19:04  24.8     6:54   37    0  0.00   9  39    17:10 ESE1013.65   77
15   28.2  34.5    17:54  23.1     7:50   37    0  0.00   8  34    16:23   W1014.40   67
16   27.3  29.4     0:16  25.1     7:13   38    0  0.00   7  24    14:35 WNW1018.30   67
17   26.2  27.9    16:47  24.1     7:26   39    0  0.00   6  24    13:34 ENE1018.94   85
18   26.3  27.9    12:41  24.1     6:22   39    0  0.00   7  24    16:57 WNW1019.51   87
19   27.1  28.7    17:36  25.2     8:14   38    0  0.00   5  21    14:09 ENE1021.98   87
20   28.1  32.3    19:29  24.8     6:40   37    0  0.00   7  39    16:49   W1022.08   75
21   29.5  37.8    18:49  24.7     6:58   35    0  0.00   7  29    17:48   W1019.59   64
22   27.4  30.3    19:26  25.0     5:21   38    0  0.00   7  19    11:13 WNW1017.79   83
23   27.9  32.7    19:18  24.6     7:43   37    0  0.00   6  34    17:12 NNW1014.68   84
24   29.2  34.8    19:56  24.8     8:06   36    0  0.00   7  29    17:19   W1011.79   72
25   31.0  35.3    13:42  27.6    23:58   34    0  0.00  16  45     9:55 WNW1014.25   41
26   26.7  28.3    17:43  25.1    13:45   38    0  3.20  11  40     8:19  SE1020.62   82
27   27.7  32.6    15:50  23.8     5:50   37    0  0.20  10  37    16:53 WNW1019.84   76
28   27.6  32.3    18:53  23.8     7:09   37    0  0.00   7  32    16:42   E1019.22   77
29   26.9  30.5    18:16  24.4     7:26   38    0  0.00   9  31    16:37   W1019.40   83
30   25.7  27.9    13:26  21.1    22:50   39    0 11.60  11  43    18:44  NE1020.02   86
31   22.8  25.3    16:41  20.6     0:35   42    0 20.80   8  32     7:27  NE1024.56   71
---------------------------------------------------------------------------------------
TOT  27.1  37.8  21/8/12  20.6  31/8/12 1175    0 37.00   8  45  25/8/12 ENE1018.04   78

HEAT BASE: 65.0
COOL BASE: 65.0