Informes Climáticos de Piles estilo NOAA


Report for 2013 Febrero
                  MONTHLY CLIMATOLOGICAL SUMMARY FOR 2/2013
                                        HEAT  COOL        
     MEAN                               DEG   DEG       WIND SPEED       DOM MEAN  MEAN
DAY  TEMP  HIGH   TIME     LOW   TIME   DAYS  DAYS RAIN AVG  HI  TIME    DIR BAROM HUM
---------------------------------------------------------------------------------------
1    19.5  25.6    15:57  14.0     7:20   46    0  0.00  15  55    23:40   W1022.16   41
2    15.0  19.5     0:00  10.8    23:55   50    0  0.80  22  76     4:37  NW1014.33   45
3    11.5  15.8    16:36   7.8     6:44   53    0  0.00  13  47    10:06 WNW1024.83   32
4    11.7  17.2    14:11   6.6     7:26   53    0  0.00  10  29    11:34   W1030.25   43
5    15.6  21.3    17:31  11.0     7:45   49    0  0.00  13  37    23:00   W1024.21   51
6    14.2  16.8     0:58  10.8     7:51   51    0  0.00  20  61     3:50 WNW1016.99   41
7    11.0  13.7    16:13   7.8     8:16   54    0  0.00  19  68    11:55 WNW1022.02   38
8    11.4  16.1    16:49   7.9    23:40   55    0  0.80   9  43    10:30   W1018.24   46
9     9.9  14.1    14:31   6.7     8:37   54    0  1.60  12  40    13:36   W1023.39   47
10   13.6  18.8    15:32   9.2     7:03   51    0  0.00  12  50    23:15   W1018.65   38
11   11.7  15.6     0:00   9.3     5:58   53    0  0.20  20  76     8:49 WNW1010.08   46
12   11.2  16.6    16:06   7.8     7:58   54    0  0.00  22  71     7:21 WNW1014.80   42
13   13.7  17.4    13:19   9.5     7:34   51    0  0.00  15  43    18:36 WNW1020.35   47
14   14.8  19.8    13:11  11.7     8:13   50    0  0.00  10  29     9:34   W1023.34   56
15   13.3  17.8    15:44  10.1     4:26   52    0  0.00   7  21    14:48   W1022.41   66
16   12.1  16.2    16:38   9.1     7:27   53    0  0.00   7  19    13:23   W1021.87   81
17   13.0  14.6    14:55  11.8     5:53   52    0  0.00   3  21    15:20 WNW1017.13   81
18   13.9  18.6    13:17  11.9     1:48   51    0  0.00   9  35     6:38 WNW1014.90   76
19   12.6  13.3    11:48  11.6    23:57   52    0  2.80   7  19     6:57 ENE1016.05   93
20   12.5  15.4    22:56  10.2     8:46   52    0  1.80   6  27    23:16  NW1015.50   82
21   15.8  18.1    14:44  14.2     0:25   49    0  0.00  13  53    14:47 WNW1012.56   59
22   16.6  19.6    16:18  13.4    22:01   48    0  0.60  12  64    10:24 WNW1005.21   55
23    9.9  13.9     0:00   6.3    23:35   55    0  1.00  14  61     0:03 WNW1007.42   58
24    8.5  13.2    15:36   4.3     6:28   57    0  0.00  15  51    19:59 WNW1018.48   41
25    7.8  10.7    18:11   4.6     6:48   57    0  0.00   9  37     6:24 WNW1020.96   45
26    7.1   9.7    13:41   3.9     7:11   58    0  0.00   9  31    11:58 WNW1023.00   56
27    7.6  11.2    14:39   3.3     7:37   57    0  0.00  13  43    22:24 ENE1022.20   69
28    9.4  12.5    12:46   5.0    23:54   56    0  9.60  17  63     9:19 ENE1011.17   86
---------------------------------------------------------------------------------------
TOT  12.3  25.6   1/2/13   3.3  27/2/13 1475    0 19.20  13  76   2/2/13 WNW1018.30   56

HEAT BASE: 65.0
COOL BASE: 65.0