Informes Climáticos de Piles estilo NOAA


Report for 2013 Marzo
                  MONTHLY CLIMATOLOGICAL SUMMARY FOR 3/2013
                                        HEAT  COOL        
     MEAN                               DEG   DEG       WIND SPEED       DOM MEAN  MEAN
DAY  TEMP  HIGH   TIME     LOW   TIME   DAYS  DAYS RAIN AVG  HI  TIME    DIR BAROM HUM
---------------------------------------------------------------------------------------
1     8.0  11.0    16:50   4.8     2:02   57    0  3.40  12  45    12:02   W1013.09   83
2    11.1  13.6    15:05   8.0    23:58   54    0  1.00  10  32    16:47   W1019.95   74
3    10.4  12.4    12:20   7.8     0:06   55    0  0.40   6  23    13:53 WNW1018.81   85
4    12.1  13.1    16:45  10.7     1:13   53    0  0.20   8  34    14:55 ENE1009.68   94
5    12.9  15.0    12:30  10.9     8:05   52    0  0.40   9  39     0:06   N999.14   95
6    17.0  22.7    16:09  12.1     5:18   48    0  0.20  13  42    14:30 WNW999.51   68
7    17.2  19.8    12:12  14.2     5:19   48    0  0.40   6  42     1:06 WNW1007.07   72
8    18.3  24.1    15:22  14.4    22:44   47    0  0.20  11  50    13:17 WNW1009.25   59
9    17.6  21.9    16:24  13.7     7:56   47    0  0.20  10  50    12:27   W1009.87   60
10   16.3  20.4    15:35  13.4     7:12   49    0  0.20  16  50    13:26 WNW1008.68   51
11   15.2  19.8    16:29  11.7     6:57   50    0  0.00  17  53     0:31 WNW1008.96   53
12   14.3  16.6    14:38  12.6     6:54   51    0  0.00  17  71     5:37 WNW1005.59   54
13   11.7  14.1    14:54   8.2    23:46   53    0  0.00  20  60    21:37 WNW1002.79   46
14   11.0  15.9    17:12   6.5     5:39   54    0  0.00  18  55    15:22 WNW1013.80   36
15   12.3  16.1    16:06   8.3     6:27   53    0  0.00  13  37     0:02 WNW1018.67   41
16   12.8  18.3    16:01   9.4     6:54   52    0  0.00   4  31    17:02  SE1015.23   59
17   13.3  17.8    21:40  10.3     7:53   52    0  0.00   4  43    19:00 ENE1004.26   75
18   16.8  21.2    15:44  12.6     7:10   48    0  0.00  13  47    15:33 WNW1006.21   49
19   13.2  16.8    10:27   9.5     5:46   52    0  0.00   7  21     4:32 WNW1007.12   66
20   14.2  17.2    15:38  11.3     4:43   51    0  0.00   6  29    17:24 WNW1011.23   76
21   15.8  20.9    17:33  11.2     3:45   49    0  0.00   7  23     0:16   W1018.86   54
22   15.2  20.7    15:13   9.4     7:32   50    0  0.00   8  37    23:02 WNW1010.32   65
23   15.7  18.7    12:29  12.8    23:57   49    0  0.00  10  34     6:32 WNW1006.34   61
24   15.1  19.7    17:55  11.1     3:26   50    0  0.00  17  56    13:37 WNW1004.23   62
25   16.6  20.7    15:40  13.3     6:29   48    0  0.00  27  71    23:11 WNW1010.53   54
26   18.8  22.3    13:58  17.1    23:33   46    0  0.40  16  68     0:00 WNW1007.30   60
27   18.8  23.6    16:10  16.4     3:23   46    0  0.40  13  48    12:10 WNW1005.40   58
28   19.3  23.2    16:59  16.3     6:55   46    0  0.20  16  60    13:50 WNW1009.59   54
29   19.8  23.6    16:28  17.1     7:04   45    0  0.00  19  69    12:49 WNW1013.07   55
30   20.5  23.3    16:10  17.6    22:51   44    0  0.00  18  68    14:48 WNW1011.41   43
31   17.2  20.0    14:15  15.4     6:42   46    0  0.00  12  39     3:06 WNW1010.20   59
---------------------------------------------------------------------------------------
TOT  15.1  24.1   8/3/13   4.8   1/3/13 1544    0  7.60  12  71  12/3/13 WNW1009.55   62

HEAT BASE: 65.0
COOL BASE: 65.0