Informes Climáticos de Piles estilo NOAA


Report for 2013 Mayo
                  MONTHLY CLIMATOLOGICAL SUMMARY FOR 5/2013
                                        HEAT  COOL        
     MEAN                               DEG   DEG       WIND SPEED       DOM MEAN  MEAN
DAY  TEMP  HIGH   TIME     LOW   TIME   DAYS  DAYS RAIN AVG  HI  TIME    DIR BAROM HUM
---------------------------------------------------------------------------------------
1    13.8  17.0    11:17   9.3     6:09   51    0  0.60   8  29    15:06 ESE1018.50   74
2    14.7  18.1    14:59  11.0     6:56   50    0  0.80   7  24    16:11 WNW1019.28   75
3    14.7  16.8    13:44  12.1     7:13   50    0  0.80   8  29    14:51   W1020.58   73
4    16.0  22.1    18:25  11.2     5:38   49    0  0.40   8  29    15:36 WNW1021.54   69
5    17.9  23.6    18:25  13.5     6:36   47    0  0.40   7  27    17:05 ENE1021.10   69
6    20.0  27.8    18:04  14.7     5:08   45    0  0.20   8  29    18:24 ESE1020.98   68
7    24.9  30.4    18:16  17.6     2:24   41    0  0.00   8  29     4:03 WNW1019.17   47
8    23.5  26.7    15:21  20.1    23:47   41    0  0.00   8  23    14:54   W1016.99   55
9    20.0  22.7     9:28  18.3    23:38   45    0  0.00   7  34    11:22   N1017.01   77
10   19.1  21.3    11:58  16.6     6:08   47    0  0.00   9  37    17:11 ESE1019.33   82
11   18.2  19.7    11:18  16.6     7:20   46    0  0.00  10  39    18:37   E1021.16   83
12   18.0  20.3    17:12  15.6     6:16   47    0  0.00  10  37    18:00 WNW1022.91   82
13   18.1  21.1    19:32  15.3     6:33   47    0  0.00   8  39    15:49 ESE1022.43   82
14   18.3  23.6    16:21  15.4     4:35   47    0  0.40   8  47    16:04 WNW1014.49   80
15   17.8  21.3    13:43  14.6     6:10   47    0  4.80   6  34    15:22 WNW1003.41   84
16   16.6  20.5    14:03  13.5     7:47   48    0  2.20  10  50    16:31 WNW1003.49   64
17   16.1  20.9    18:35  13.6     7:13   49    0  0.40  12  40    16:44 WNW1003.86   63
18   16.1  20.3    16:03  12.3     7:13   49    0  0.20  16  55    15:06 WNW1010.03   52
19   17.2  21.3    15:22  13.6     7:51   48    0  0.00  16  43     1:50 WNW1017.94   48
20   14.7  17.4     0:00  12.2     6:52   50    0  1.40   9  26     2:47 WNW1020.16   73
21   14.5  16.6    13:21  12.1     2:27   51    0  0.20   9  35    12:53 WNW1018.68   80
22   19.1  26.1    18:47  13.1     6:50   46    0  0.00  11  32     8:59   W1016.16   57
23   19.6  23.9    18:14  15.3     6:35   45    0  0.00  11  31    15:02 ESE1015.88   56
24   16.9  19.2    20:26  13.7     7:27   48    0  0.00  11  50    15:49   E1017.46   73
25   16.6  19.5    18:30  13.9     5:47   48    0  0.00  12  42    16:47   W1018.89   78
26   17.4  20.5    17:43  15.0     6:30   48    0  0.00  12  47    15:27 ESE1019.30   80
27   16.4  18.9    14:27  14.9     5:26   49    0  8.80   7  35    15:43   E1014.02   86
28   19.3  25.8    15:43  13.9     3:42   46    0  8.20  12  50    19:52 WNW1010.77   64
29   18.9  23.9    18:27  14.5     7:23   46    0  0.00   9  43    17:11 WNW1013.35   57
30   17.8  22.1    19:36  12.1     5:20   47    0  2.60   9  39     4:32   W1016.42   58
31   19.5  22.9    12:52  16.6     5:46   45    0  0.00  11  37     8:37 WNW1017.02   50
---------------------------------------------------------------------------------------
TOT  17.8  30.4   7/5/13   9.3   1/5/13 1463    0 32.40  10  55  18/5/13 WNW1016.53   69

HEAT BASE: 65.0
COOL BASE: 65.0