Informes Climáticos de Piles estilo NOAA


Report for 2013 Agosto
                  MONTHLY CLIMATOLOGICAL SUMMARY FOR 8/2013
                                        HEAT  COOL        
     MEAN                               DEG   DEG       WIND SPEED       DOM MEAN  MEAN
DAY  TEMP  HIGH   TIME     LOW   TIME   DAYS  DAYS RAIN AVG  HI  TIME    DIR BAROM HUM
---------------------------------------------------------------------------------------
1    26.1  29.6    19:07  22.2     7:41   39    0  0.00   9  43    15:45 ESE1018.09   68
2    25.5  27.9    18:06  22.4     5:58   40    0  0.00   8  32    16:37   E1018.43   83
3    25.7  27.4    11:35  23.6     6:11   39    0  0.00   6  26    12:21 ENE1019.82   88
4    25.7  27.5    16:36  23.3     6:36   39    0  0.00   6  26    14:54  NE1021.20   88
5    25.9  30.3    18:16  23.4     5:22   39    0  0.00   7  31    16:55 WNW1018.26   86
6    26.8  32.2    19:23  23.7     6:41   38    0  0.00   7  26    12:29   N1015.21   86
7    28.4  34.5    12:36  23.2     6:29   37    0  0.00  10  39    10:27 ESE1011.55   65
8    25.6  26.8    19:37  23.9    23:19   39    0  0.00  10  39     3:27 ENE1018.54   71
9    24.8  28.8    19:20  20.7     7:25   40    0  0.00   8  24    12:33 WNW1023.90   62
10   26.1  31.0    18:42  21.7     7:21   39    0  0.00   9  32    15:54   W1021.80   62
11   26.9  33.1    18:04  22.6     7:55   38    0  0.00   9  34    14:28 WNW1020.15   70
12   27.5  35.1    17:49  22.6     7:38   37    0  0.00  10  43    17:17  SE1017.72   67
13   25.6  27.2    10:12  23.4     5:55   39    0  0.00   7  24    17:04 ENE1018.80   85
14   25.6  28.7    19:50  22.8     7:21   40    0  0.00   9  40    17:22   W1019.96   81
15   27.2  32.9    17:10  22.9     6:41   37    0  0.00  10  37    15:23 WNW1019.57   69
16   26.9  31.3    15:15  23.3     7:58   38    0  0.00   7  29    15:27   W1019.56   74
17   25.9  27.3    15:31  23.9     7:19   39    0  0.00   8  32    18:28   E1019.74   87
18   26.2  30.5    18:41  22.7     7:41   39    0  0.00   9  39    14:56 ESE1019.11   81
19   27.2  33.4    18:25  23.3     6:48   38    0  0.00   8  39    15:19 ESE1019.92   77
20   26.7  29.7    18:33  24.1     6:22   38    0  0.00   9  31    15:19 ESE1022.08   80
21   26.5  30.2    18:20  23.3     7:51   38    0  0.00  10  39    16:03 ESE1020.74   80
22   27.2  31.8    16:40  23.3     7:56   38    0  0.00   8  31    15:33 WNW1016.92   76
23   25.8  27.7    15:56  23.9     7:21   39    0  0.00  10  32    16:27 ESE1016.80   79
24   25.3  27.3    15:09  22.7     7:08   40    0  0.00   6  24    13:54   W1016.87   82
25   24.8  26.6    15:05  22.7     6:40   41    0  0.00   9  34    18:49   E1015.21   82
26   23.6  25.1     0:00  21.4    12:13   41    0 10.60   6  37     7:27  NE1013.04   87
27   23.3  25.0    14:44  21.8     5:29   42    0  2.40   5  21    14:58 WNW1015.73   89
28   22.3  25.8    11:47  19.2    23:51   43    0  0.20   7  51    18:14 WNW1017.74   92
29   21.3  23.8    13:57  18.9     1:03   44    0  0.40   7  27    14:11 WNW1020.12   90
30   19.6  21.5    19:43  18.1    10:17   46    0 64.80   7  27     5:50   W1021.80   93
31   22.6  26.2    18:01  19.0     5:20   42    0  0.00   9  31    19:14   W1022.79   75
---------------------------------------------------------------------------------------
TOT  25.4  35.1  12/8/13  18.1  30/8/13 1226    0 78.40   8  51  28/8/13   W1018.75   79

HEAT BASE: 65.0
COOL BASE: 65.0