Informes Climáticos de Piles estilo NOAA


Report for 2014 Marzo
                  MONTHLY CLIMATOLOGICAL SUMMARY FOR 3/2014
                                        HEAT  COOL        
     MEAN                               DEG   DEG       WIND SPEED       DOM MEAN  MEAN
DAY  TEMP  HIGH   TIME     LOW   TIME   DAYS  DAYS RAIN AVG  HI  TIME    DIR BAROM HUM
---------------------------------------------------------------------------------------
1    14.6  18.4    23:59   9.8     1:24   49    0  0.00  10  45    23:56 WNW1010.27   63
2    19.3  22.6    15:31  16.9     8:03   47    0  0.00  19  51    19:46 WNW1005.70   58
3    16.9  18.8     1:41  14.4    23:59   48    0  0.00  25  72    10:14 WNW1008.30   45
4    15.3  18.8    16:58  11.9     7:11   50    0  0.00  23  66     4:51 WNW1013.74   39
5    15.5  20.6    13:19  11.7    23:00   48    0  0.00  17  56     6:02 WNW1016.69   60
6    13.2  17.5    17:16   9.5     5:44   53    0  0.00   7  24    15:48 WNW1023.31   75
7
8
9
10
11   11.8  13.1    20:10  10.7    23:49    8    0  0.00   0   3    20:22   W1026.27   69
12   13.1  14.7    13:41  10.8     0:00   52    0  0.00   0   0     0:00   N1027.65   83
13   12.6  13.6    16:46  10.9    11:43   52    0  2.40   0   0     0:00   N1028.19   87
14   12.6  16.3    13:33  10.3     7:05   52    0  0.00   0   0     0:00   N1028.03   75
15   14.7  19.6    16:09 -32.1    17:35   51    0  0.00   0 409    17:35 ESE1027.55   53
16   17.1  21.3    16:40  13.6     6:11   47    0  0.00   0   0     0:00   N1024.56   48
17   18.3  25.8    16:56  12.6     2:47   47    0  0.00   0   0     0:00   N1023.64   47
18   15.4  19.5    17:11  12.2     4:13   51    0  0.00   0   0     0:00   N1022.06   71
19   14.0  16.1    12:35  11.3     7:18   50    0  0.00   0   0     0:00   N1025.18   85
20   15.5  20.6    14:07  11.1     7:40   51    0  0.00   0   0     0:00   N1021.96   65
21   14.3  18.9    15:53  10.6     6:49   51    0  4.80   0   0     0:00   N1021.45   84
22   18.4  23.4    17:45  13.6     1:21   47    0  0.20   0   0     0:00   N1015.55   64
23   14.8  18.5    15:44  11.6     7:04   50    0  0.00   0   0     0:00   N1019.58   42
24   16.6  24.3    17:26   9.1     7:11   47    0  0.00   0   0     0:00   N1019.72   40
25   16.0  20.2    13:31  11.4    23:41   50    0  0.80   0   0     0:00   N1017.92   47
26   12.6  16.7    17:31   9.2     7:20   51    0  0.00   0   0     0:00   N1012.30   50
27   13.5  17.3    16:27   9.2     7:16   53    0  0.00   0   0     0:00   N1013.69   46
28   12.5  15.3    12:18   8.0     5:37   53    0  0.00   0   0     0:00   N1013.10   74
29   14.3  15.6    14:28  13.3     1:55   51    0  0.00   0   0     0:00   N1009.19   90
30   14.4  17.4    18:05  11.4    11:57   49    0 39.40   0   0     0:00   N1013.49   85
31   16.1  20.9    17:16  11.6     5:42   49    0  0.00   0   0     0:00   N1017.00   62
---------------------------------------------------------------------------------------
TOT  15.0  25.8  17/3/14 -32.1  15/3/14 1305    0 45.20   4 409  15/3/14 WNW1018.55   63

HEAT BASE: 65.0
COOL BASE: 65.0