Informes Climáticos de Piles estilo NOAA


Report for 2014 Abril
                  MONTHLY CLIMATOLOGICAL SUMMARY FOR 4/2014
                                        HEAT  COOL        
     MEAN                               DEG   DEG       WIND SPEED       DOM MEAN  MEAN
DAY  TEMP  HIGH   TIME     LOW   TIME   DAYS  DAYS RAIN AVG  HI  TIME    DIR BAROM HUM
---------------------------------------------------------------------------------------
1    13.4  14.8    13:02  10.4     7:56   51    0  0.00   0   0     0:00   N1015.13   87
2    14.1  15.1    14:58  12.7     2:40   51    0  0.40   0   0     0:00   N1006.28   92
3    15.9  20.3    17:38  12.3     6:34   50    0  7.00   0   0     0:00   N1002.64   69
4    18.9  23.5    17:27  15.2     7:58   45    0  0.00   0   0     0:00   N1012.39   45
5    21.1  26.9    16:50  16.7     5:20   44    0  0.00   0   0     0:00   N1018.44   54
6    19.5  22.9    11:21  15.9    23:50   45    0  0.00   0   0     0:00   N1020.77   66
7    18.4  27.9    18:41  13.7     6:01   48    0  0.00   0   0     0:00   N1021.09   74
8    14.3  15.6    19:44  12.9     6:29   50    0  0.00   0   0     0:00   N1023.41   95
9    16.0  18.2    11:02  14.4     5:58   50    0  0.00   0   0     0:00   N1024.66   85
10   16.5  22.1    17:57  13.1     7:06   47    0  0.00   0   0     0:00   N1020.59   85
11   17.8  26.7    19:05  15.1     7:41   47    0  0.80   0   0     0:00   N1016.19   83
12   16.5  18.8    12:28  14.7    23:49   48    0  0.00   0   0     0:00   N1017.63   85
13   17.9  21.4    20:15  14.4     5:19   48    0  0.00   0   0     0:00   N1021.39   69
14   18.5  24.8    17:29  14.1     5:08   46    0  0.00   0   0     0:00   N1019.93   64
15   20.3  27.2    16:26  14.5     4:48   45    0  0.00   0   0     0:00   N1016.79   61
16   17.4  19.2    10:51  14.7     7:31   48    0  0.00   0   0     0:00   N1019.82   82
17   16.6  17.8    18:09  15.2     7:18   48    0  0.00   0   0     0:00   N1021.08   88
18   18.5  26.3    19:01  13.3     5:00   47    0  0.00   0   0     0:00   N1014.75   78
19   21.9  29.5    15:41  16.2     2:51   42    0  0.00   0   0     0:00   N1006.97   64
20   19.6  25.0    15:04  15.3     5:07   45    0  0.00   0   0     0:00   N1005.49   57
21   18.4  22.6    14:44  14.1     6:56   47    0  2.00   0   0     0:00   N1005.62   74
22   19.3  26.1    18:27  14.7     7:09   47    0  0.20   0   0     0:00   N1013.24   58
23   19.8  23.9    19:20  16.6     7:02   44    0  0.00   0   0     0:00   N1020.85   55
24   19.5  25.4    17:11  15.1     5:24   46    0  0.00   0   0     0:00   N1017.91   66
25   18.6  22.8    14:52  14.2     7:39   46    0  0.00   0   0     0:00   N1018.36   42
26   21.5  28.2    18:32  16.7     6:49   44    0  0.00   0   0     0:00   N1018.29   43
27   19.7  24.2    20:42  16.4     8:14   45    0  0.00   0   0     0:00   N1017.14   58
28   19.4  26.2    18:16  14.1     3:34   46    0  0.00   0   0     0:00   N1016.72   59
29   17.9  21.5    18:18  14.2     7:37   48    0  0.00   0   0     0:00   N1016.71   77
30   19.2  23.2    19:09  15.2     5:28   46    0  0.00   0   0     0:00   N1016.00   68
---------------------------------------------------------------------------------------
TOT  18.2  29.5  19/4/14  10.4   1/4/14 1404    0 10.40   0   0   1/4/14   N1016.21   69

HEAT BASE: 65.0
COOL BASE: 65.0