Informes Climáticos de Piles estilo NOAA


Report for 2014 Agosto
                  MONTHLY CLIMATOLOGICAL SUMMARY FOR 8/2014
                                        HEAT  COOL        
     MEAN                               DEG   DEG       WIND SPEED       DOM MEAN  MEAN
DAY  TEMP  HIGH   TIME     LOW   TIME   DAYS  DAYS RAIN AVG  HI  TIME    DIR BAROM HUM
---------------------------------------------------------------------------------------
1    26.5  31.1    19:12  23.1     7:32   39    0  0.00   6  27    22:54 ENE1011.53   79
2    27.7  33.0    18:31  24.4     3:15   38    0  0.00  12  34     9:41 WNW1010.10   61
3    25.3  27.1    14:36  22.6     5:48   39    0  0.00   9  34    18:29   E1014.00   84
4    26.1  30.2    19:14  23.2     7:14   39    0  0.00   9  34    18:27   E1016.67   84
5    26.0  27.4    14:42  24.5     6:49   39    0  0.00   7  24    14:44  NW1019.45   84
6    27.2  34.0    19:13  22.9     7:28   38    0  0.00   8  42    16:41   W1018.35   79
7    27.0  30.1    20:07  24.5     5:25   38    0  0.00   9  31    16:18 WNW1017.42   80
8    27.0  32.6    18:48  24.2     5:56   39    0  0.00   8  34    18:05   W1014.91   82
9    26.1  27.9    15:43  22.9     8:06   38    0  0.00   6  24    11:29 ENE1013.96   87
10   28.7  35.9    19:40  23.2     7:42   37    0  0.00   7  31    17:14 ESE1013.23   73
11   27.0  30.3     0:00  23.9     7:18   37    0  0.00   7  29    12:09  NE1016.24   86
12   27.4  30.1    18:04  25.5     6:59   38    0  0.00   9  39    18:12  NE1016.10   84
13   27.3  33.0    11:33  24.4     7:09   38    0  0.00  11  39    12:25   E1013.51   71
14   24.4  25.9     0:36  21.4     9:30   41    0  0.20   9  31     8:55 ENE1019.09   76
15   25.7  28.7    18:04  22.7     0:36   39    0  0.00  10  42    14:45 ESE1019.68   79
16   23.3  25.0     0:14  21.2    12:58   42    0  4.60   9  39     9:42  NE1022.05   80
17   23.9  27.6    15:47  20.6     7:33   41    0  0.00  11  42    16:30   W1020.82   79
18   24.0  26.7    17:23  20.2     7:25   41    0  0.00   9  35    18:21 ESE1015.45   79
19   25.0  27.8    18:17  22.2     7:07   40    0  0.00  11  35    17:04   E1014.47   84
20   26.8  30.1    17:00  24.1     6:34   38    0  0.00   9  39    17:10 WNW1015.82   82
21   25.5  27.7    19:18  24.1     7:52   29    0  0.00   9  35    18:34  NW1017.20   85
22   25.8  29.8    18:14  23.0     6:37   39    0  0.00   8  34    23:20 WNW1015.67   82
23   24.8  25.8    13:33  23.3    23:59   40    0  0.00  13  39     8:43  NE1019.53   85
24   25.9  31.0    16:44  21.4     5:00   39    0  0.00  10  40    14:31   W1020.42   79
25   28.3  36.1    16:51  22.3     8:05   37    0  0.00   8  34    16:59   W1018.12   68
26   29.5  36.8    16:25  22.2     7:39   36    0  0.00   6  34    17:27 ESE1014.24   62
27   27.0  29.3    17:36  23.8     7:20   38    0  0.00   5  26    16:53  NE1016.57   73
28   26.0  29.3    19:20  22.9     7:43   39    0  0.00   8  31    17:51 WNW1017.88   87
29   26.0  28.6    15:04  24.3     7:45   39    0  0.00   5  24    13:08 ENE1017.78   88
30   25.7  27.2    14:11  24.4     5:45   40    0  0.00   9  27    12:09  NE1019.29   87
31   25.1  26.9    13:56  22.4     7:11   39    0  0.00   8  31    18:27 WNW1018.99   85
---------------------------------------------------------------------------------------
TOT  26.2  36.8  26/8/14  20.2  18/8/14 1192    0  0.00   8  42   6/8/14   E1016.72   80

HEAT BASE: 65.0
COOL BASE: 65.0