Informes Climáticos de Piles estilo NOAA


Report for 2015 Enero
                  MONTHLY CLIMATOLOGICAL SUMMARY FOR 1/2015
                                        HEAT  COOL        
     MEAN                               DEG   DEG       WIND SPEED       DOM MEAN  MEAN
DAY  TEMP  HIGH   TIME     LOW   TIME   DAYS  DAYS RAIN AVG  HI  TIME    DIR BAROM HUM
---------------------------------------------------------------------------------------
1    10.1  14.9    12:58   6.8     2:23   55    0  0.00   7  18     6:53 WNW1036.70   68
2    11.5  16.3    13:02   8.4     7:51   53    0  0.00   7  21     5:39   W1038.84   61
3    14.4  19.4    12:17  10.1     0:39   51    0  0.00   9  31    20:21   W1036.91   43
4    14.9  18.5    11:17  10.7    22:21   50    0  0.00  10  32     0:26   W1033.27   57
5    11.3  15.8    12:24   8.4     5:01   54    0  0.00   7  18     8:24 WNW1031.80   83
6    10.4  14.4    12:12   7.1     6:04   55    0  0.00   7  21    23:32 WNW1028.05   84
7    10.6  14.3    13:06   8.2     2:13   54    0  0.00   8  21     0:00   W1032.70   82
8    10.4  13.8    15:57   7.6     6:46   55    0  0.00   8  19     6:24   W1038.96   81
9    12.1  17.6    12:43   7.7     4:54   53    0  0.00   8  26    11:01   W1043.08   67
10   16.0  21.5    12:51   0.1    21:57   49    0  0.00   9  31     3:54   W1034.66   42
11   16.1  20.6    13:45  10.7    22:45   49    0  0.00  12  40     6:13 WNW1030.51   39
12   12.0  17.0    16:35  10.1     0:43   53    0  0.00   4  19    13:25 WNW1035.31   81
13   12.9  19.1    13:14   8.2     3:41   52    0  0.00   6  26    20:11 WNW1028.09   63
14   14.8  21.4    16:40  10.7     7:46   50    0  0.00   8  32    12:54   W1027.22   56
15   13.9  20.1    15:25   8.8     7:19   51    0  0.00   7  21    14:09 WNW1020.86   60
16   13.4  15.5     0:12   9.7    22:55   52    0  0.00  12  55    13:02 WNW1015.43   54
17   10.2  14.8    15:41   7.1     8:37   55    0  0.00  13  35     3:54   W1023.69   53
18    9.4  13.2    15:17   5.4     8:46   56    0  0.60   7  24     7:20   W1018.14   56
19    8.0   9.3    12:19   7.3     5:22   57    0 21.40   9  50    11:39   W1010.38   93
20    7.9  11.6    16:53   4.6     5:18   57    0  0.00  11  34     6:27   W1012.20   63
21    8.9  13.8    15:54   5.4     6:34   56    0  0.00  15  48    19:54   W1011.16   60
22    9.2  13.4    15:49   6.3     6:52   56    0  0.00  13  32    13:11 WNW1013.45   62
23    9.6  14.4    16:56   6.7     6:27   55    0  0.00  11  35     9:48   W1020.90   52
24   10.3  15.3    16:55   6.3     8:14   55    0  0.00  16  42     6:51   W1024.44   43
25   11.8  16.2    14:54   6.0    21:51   53    0  0.00  10  37     2:35   W1024.38   49
26    9.5  14.3    13:14   6.2     1:15   55    0  0.00   8  21     4:25   W1028.34   65
27   12.0  17.8    16:44   6.7     8:32   53    0  0.00  11  35    12:15   W1026.47   57
28   11.4  15.1    12:05   8.3     5:02   54    0  0.00   8  24    14:56   W1024.06   62
29   15.0  20.3    15:18   9.6     3:47   50    0  0.00  20  72    21:22   W1013.85   54
30   19.4  22.4    16:09  16.2     0:18   46    0  0.00  22  80    12:28 WNW999.44   56
31   15.3  20.8     1:03   9.6    22:00   50    0  6.60  25  85     2:49 WNW996.92   56
---------------------------------------------------------------------------------------
TOT  12.0  22.4  30/1/15   0.1  10/1/15 1642    0 28.60  11  85  31/1/15   W1024.52   61

HEAT BASE: 65.0
COOL BASE: 65.0