Informes Climáticos de Piles estilo NOAA


Report for 2015 Marzo
                  MONTHLY CLIMATOLOGICAL SUMMARY FOR 3/2015
                                        HEAT  COOL        
     MEAN                               DEG   DEG       WIND SPEED       DOM MEAN  MEAN
DAY  TEMP  HIGH   TIME     LOW   TIME   DAYS  DAYS RAIN AVG  HI  TIME    DIR BAROM HUM
---------------------------------------------------------------------------------------
1    17.8  23.3    14:20  11.8     0:23   47    0  0.00  12  34     8:54   W1023.55   57
2    21.6  26.8    13:27  17.7    23:48   43    0  0.00  12  48     4:08   W1023.34   54
3    15.8  20.4     1:17  13.2    20:16   49    0  0.00   5  26    14:24 NNE1026.17   83
4    14.3  17.9    13:06  11.9    23:55   51    0  0.00   6  47    21:17 NNE1028.34   78
5    12.7  17.7    15:02   7.5     7:38   52    0  0.00  10  40     9:33 WNW1032.36   34
6    11.9  15.9    17:53   7.5     8:04   53    0  0.00   8  31    15:18   W1032.96   44
7    14.2  21.0    17:10   9.4     4:21   51    0  0.00   6  21     1:40   W1029.92   48
8    11.7  14.2    11:26   8.9     7:25   53    0  0.00   6  23    12:01 WNW1027.24   81
9    12.4  16.4    16:42   8.4     3:31   53    0  0.00   5  19     5:20 WNW1026.61   72
10   13.3  17.7    16:38   9.3     8:27   52    0  0.00   5  19    13:06   W1027.45   73
11   13.2  19.0    18:34   9.1     6:20   52    0  0.00   4  19    20:57  NW1025.44   85
12   15.6  21.2    17:29  11.2     3:24   49    0  0.00   6  24    20:05 ESE1021.82   68
13   13.5  15.6    12:40  10.9    23:42   52    0  0.00   6  19    12:50   N1023.62   85
14   11.1  13.7    15:10   7.6    12:14   54    0  3.80   6  29    10:10   W1022.85   71
15   10.7  13.4    11:54   7.1     6:58   54    0  0.00   9  35    15:52   W1020.07   63
16   10.0  11.9    16:12   7.6     6:44   55    0  0.20   7  29    14:05   W1021.33   75
17   10.0  13.2    15:28   5.3     7:14   55    0  0.00   9  32    15:06 WNW1022.82   74
18   12.9  14.1    12:48  12.1     1:50   52    0  3.40  13  39    16:20  NE1019.97   88
19   13.2  15.0    18:47  10.8    20:22   52    0  3.00  17  40     2:39  NE1017.03   97
20   13.2  13.5    16:12  12.9     4:33   52    0  7.60  19  48    12:19 NNE1012.52   97
21   13.2  14.3    10:44  11.8    23:50   52    0  6.00   4  24    12:14 WNW1008.83   97
22   12.3  13.6    12:44  11.2     7:28   53    0 12.00   3  21    13:44   N1011.18   98
23   12.9  13.9    11:54  11.6     6:58   52    0  7.80   8  31    13:17 ESE1010.17   99
24   13.2  15.1    12:40   8.8    18:22   52    0 13.60   5  32    23:25 ENE1004.84   98
25   11.4  13.6    16:18   9.2     9:38   54    0  0.40   7  32     9:42 WNW1006.81   75
26   11.3  15.6    23:24   6.5     5:31   54    0  0.00  10  32     8:04 WNW1016.38   54
27   18.8  24.4    17:27  13.7     6:19   46    0  0.00  11  39     9:29   W1022.32   54
28   19.9  25.3    17:36  15.7    23:48   45    0  0.00  11  31    16:04 WNW1024.80   58
29   18.3  22.5    18:20  13.9     3:44   45    0  0.00   8  31     6:52   W1024.21   66
30   22.8  30.1    18:02  15.7     2:57   42    0  0.00   9  39    12:59   W1024.35   47
31   22.6  27.5    17:43  17.9    23:47   42    0  0.00   8  26     1:20   W1025.03   51
---------------------------------------------------------------------------------------
TOT  14.4  30.1  30/3/15   5.3  17/3/15 1567    0 57.80   8  48   2/3/15 WNW1021.43   72

HEAT BASE: 65.0
COOL BASE: 65.0