Informes Climáticos de Piles estilo NOAA


Report for 2015 Mayo
                  MONTHLY CLIMATOLOGICAL SUMMARY FOR 5/2015
                                        HEAT  COOL        
     MEAN                               DEG   DEG       WIND SPEED       DOM MEAN  MEAN
DAY  TEMP  HIGH   TIME     LOW   TIME   DAYS  DAYS RAIN AVG  HI  TIME    DIR BAROM HUM
---------------------------------------------------------------------------------------
1    22.9  30.3    18:28  14.5     3:43   42    0  0.00   7  31    12:44   W1017.40   63
2    23.9  28.4    20:00  20.1    23:39   41    0  0.00   6  23    14:30   E1015.44   59
3    23.6  30.7    15:09  17.4     7:11   41    0  0.00   5  26    16:34 ESE1012.45   65
4    21.3  26.0     0:03  18.9    23:32   44    0  0.00   4  23    11:04  NE1010.38   78
5    23.1  28.5    14:12  18.7     3:20   42    0  0.00   9  42     6:23 WNW1013.06   63
6    21.2  25.0    11:43  18.2    23:59   44    0  0.00  12  35     6:14   W1018.27   61
7    19.0  23.9    19:36  15.4     5:46   46    0  0.00   8  34    18:42 WNW1020.91   83
8    24.0  31.2    17:57  16.4     6:39   41    0  0.00  10  50    15:54 WNW1019.53   56
9    22.4  25.9     0:00  20.0     7:13   43    0  0.00   8  26    15:17 ESE1025.08   66
10   20.9  24.5    16:25  17.3     5:44   44    0  0.00  10  34    14:52 ESE1026.06   70
11   19.6  22.1    14:09  16.1     6:37   45    0  0.00   6  24    14:48 ENE1025.30   73
12   20.8  29.6    18:40  16.5     3:13   44    0  0.00   9  29    15:45 WNW1024.83   75
13   22.6  30.5    17:27  17.7     7:25   42    0  0.00   3  14     0:11 ENE1023.83   66
14   29.7  40.4    18:01  20.0     7:01   35    0  0.00   7  50    18:28 ENE1014.82   44
15   21.1  34.0     0:00  18.4     7:22   44    0  0.00  11  43     0:14 ENE1019.00   62
16   20.2  24.1    17:09  15.1     7:04   45    0  0.00   9  31    18:06   W1025.16   46
17   20.3  25.0    19:31  17.1     7:06   45    0  0.00   8  26    15:54 WNW1023.90   64
18   21.8  28.7    17:26  16.3     7:18   43    0  0.00   8  34    15:05  SE1017.07   63
19   18.9  21.1     0:00  16.5    23:59   46    0  1.00  12  50    22:47  NE1013.32   87
20   16.9  18.6    15:20  15.0     5:41   48    0  2.40   8  34     0:00 ESE1020.34   73
21   17.1  19.5    19:54  14.0     5:56   48    0  0.00   8  27    12:16 WNW1025.36   60
22   17.2  21.0    19:15  13.2     7:09   48    0  0.00  10  37    18:11 WNW1024.14   66
23   18.3  22.3    19:38  14.6     7:04   47    0  0.00  10  34    17:29 WNW1019.78   72
24   18.2  21.6    11:56  15.4     7:00   47    0  0.00  10  27    18:40   W1018.84   72
25   19.3  22.6    19:20  14.9     5:55   46    0  0.00   8  24    13:02   W1019.14   64
26   21.0  24.7    18:55  18.2     7:16   44    0  0.00  10  37    17:23 ESE1018.12   60
27   20.1  23.1    19:12  17.2     5:35   45    0  0.00  10  31    18:30 WNW1020.45   80
28   21.5  27.3    16:08  16.8     6:56   44    0  0.00  10  42    14:38  SE1020.64   69
29   19.5  21.1    14:06  16.8     7:22   46    0  0.00   8  35    16:37 WNW1017.63   79
30   20.4  24.7    17:18  16.9     6:50   45    0  0.00   9  35    16:12   E1018.97   81
31   20.4  22.7    16:16  17.9     6:39   45    0  9.60   7  29    14:50 ENE1019.86   85
---------------------------------------------------------------------------------------
TOT  20.9  40.4  14/5/15  13.2  22/5/15 1368    0 13.00   8  50   8/5/15 WNW1019.65   68

HEAT BASE: 65.0
COOL BASE: 65.0