Informes Climáticos de Piles estilo NOAA


Report for 2015 Julio
                  MONTHLY CLIMATOLOGICAL SUMMARY FOR 7/2015
                                        HEAT  COOL        
     MEAN                               DEG   DEG       WIND SPEED       DOM MEAN  MEAN
DAY  TEMP  HIGH   TIME     LOW   TIME   DAYS  DAYS RAIN AVG  HI  TIME    DIR BAROM HUM
---------------------------------------------------------------------------------------
1    25.5  27.3    12:19  23.1     6:30   40    0  0.00   7  24    13:42  NE1019.10   85
2    25.8  28.3    18:07  23.5     6:41   39    0  0.00   9  31    12:27 NNE1021.12   87
3    25.6  27.1    16:17  23.7     6:43   39    0  0.00   6  26    15:56  NE1023.79   89
4    25.8  28.0    17:30  22.9     6:06   39    0  0.00   7  26    12:09 WNW1023.79   83
5    26.1  28.9    15:02  22.7     7:22   39    0  0.00   8  21    15:12 WNW1020.82   77
6    26.6  30.2    20:36  22.9     5:24   38    0  0.00   6  23    22:58 ENE1020.91   81
7    31.0  41.8    17:35  23.4     6:14   34    0  0.00   7  34    18:15  SE1017.01   57
8    27.4  31.0    12:43  24.2     7:14   38    0  0.00   7  35    13:37   N1016.78   80
9    26.8  29.9    17:46  24.2     6:07   38    0  0.00  11  40    13:40 ESE1018.72   80
10   28.6  36.6    18:53  23.9     7:12   36    0  0.00   8  31    16:23  NE1018.12   72
11   27.2  29.5    13:18  24.6     6:19   38    0  0.00   8  34    12:38 NNE1020.63   81
12   26.7  32.4    19:15  23.0     7:26   38    0  0.00   9  32    16:41 WNW1020.74   81
13   27.6  32.5    18:56  24.1     7:17   37    0  0.00   7  23    12:17 ENE1020.33   82
14   27.9  33.9    16:56  24.0     7:40   37    0  0.00   7  26    17:30 ENE1019.80   79
15   27.6  34.4    18:50  23.8     6:32   37    0  0.00   8  34    18:58 WNW1018.55   76
16   27.8  34.8    16:33  23.7     7:22   37    0  0.00  10  31    16:29 WNW1017.61   74
17   27.2  30.3    18:20  24.3     7:37   38    0  0.00   9  35    17:23 ESE1019.34   82
18   27.2  30.8    18:28  24.8     6:49   38    0  0.00   8  35    17:21  NW1018.94   85
19   28.5  33.3    18:38  24.4     7:53   37    0  0.00   6  26    23:08   E1017.03   78
20   27.6  31.7    19:44  24.3     7:04   37    0  0.00   7  27    15:47  NE1016.80   83
21   28.6  36.4    18:47  25.1     5:37   36    0  0.00   7  42    19:16   N1016.39   79
22   27.6  28.8    16:00  26.0     4:15   37    0  0.00   9  39    19:53 ENE1017.18   83
23   27.9  32.2    18:57  24.5     4:40   37    0  0.00   8  35    16:54 WNW1016.86   76
24   30.8  37.7    16:52  24.9     7:34   34    0  0.00   7  37    18:10   E1011.54   69
25   27.6  29.2     0:04  26.3    22:40   37    0  0.00   7  27     8:49  NE1015.62   80
26   29.2  34.2    18:17  24.9     5:00   36    0  1.00   9  42    15:51 ESE1016.43   80
27   27.8  30.3    17:58  24.7     7:32   37    0  0.00   6  21    14:52 ENE1014.01   88
28   28.0  29.8    19:55  26.3     3:23   37    0  0.00   8  35    17:45  NW1015.22   89
29   28.1  30.9    18:12  25.9     4:37   37    0  0.00   7  35    20:16   E1013.19   87
30   27.6  30.3    17:52  26.6     5:27   37    0  0.60  10  39    20:02  NE1013.08   90
31   26.8  28.7    11:23  25.0     5:23   38    0  3.20  11  48    14:47 SSE1011.71   88
---------------------------------------------------------------------------------------
TOT  27.6  41.8   7/7/15  22.7   5/7/15 1161    0  4.80   8  48  31/7/15 ENE1017.78   81

HEAT BASE: 65.0
COOL BASE: 65.0