Informes Climáticos de Piles estilo NOAA


Report for 2016 Julio
                  MONTHLY CLIMATOLOGICAL SUMMARY FOR 7/2016
                                        HEAT  COOL        
     MEAN                               DEG   DEG       WIND SPEED       DOM MEAN  MEAN
DAY  TEMP  HIGH   TIME     LOW   TIME   DAYS  DAYS RAIN AVG  HI  TIME    DIR BAROM HUM
---------------------------------------------------------------------------------------
1    25.3  32.2    19:39  22.4     7:15   40    0  0.00   7  29    20:39 WNW1018.73   82
2    24.7  28.7    19:42  21.8     6:42   40    0  0.00   7  26    17:02 ENE1019.88   86
3    24.5  25.7    15:01  23.4     6:47   41    0  0.00   6  24    13:57 ENE1022.49   88
4    24.0  25.7    16:02  22.4     4:10   41    0  0.00   7  26    13:25  NE1020.48   87
5    24.6  27.6    17:03  21.6     5:30   40    0  0.00   7  24    14:18 ENE1019.83   80
6    25.6  29.9    17:28  21.9     7:18   39    0  0.00  12  43    17:15 WNW1020.84   72
7    24.7  27.0    12:10  21.8     6:18   40    0  0.00   6  29     8:48 WNW1020.82   79
8    26.4  33.3    18:43  22.2     6:11   39    0  0.00   8  31    17:08 WNW1020.96   75
9    25.6  27.8    13:02  23.2     6:09   39    0  0.00   7  24    14:45 WNW1021.72   85
10   27.5  33.0    19:04  23.2     3:33   38    0  0.00   9  35    16:30 ESE1017.58   68
11   29.1  37.4    19:01  24.1     6:49   36    0  0.00   8  32    18:16 ESE1015.11   66
12   25.8  27.4    18:23  23.6     7:16   39    0  0.00   7  24    11:57 ENE1015.64   86
13   23.2  25.6     0:06  20.6    13:46   42    0 22.80   8  48     8:53  NE1020.46   91
14   23.5  27.5    18:31  20.4     6:21   42    0  0.00   7  31    17:28 ESE1022.49   83
15   23.3  26.7    18:58  20.7     6:40   42    0  0.00   8  34    19:51  SE1023.95   80
16   23.8  28.7    18:27  19.6     5:51   41    0  0.00  10  42    14:08 ESE1022.75   69
17   23.5  25.7    16:38  20.2     5:58   42    0  0.00  10  35    15:52   E1022.06   72
18   23.3  25.7    15:16  19.9     7:00   42    0  0.00   7  26    13:50   W1022.74   82
19   24.2  28.3    19:18  20.4     7:01   41    0  0.00   9  32    17:17   W1021.51   85
20   25.9  31.0    21:03  22.9     7:21   39    0  0.00   6  26    21:14 WNW1019.56   83
21   26.6  30.3    16:38  23.1     7:22   38    0  0.00   7  27    17:30   E1016.35   80
22   25.1  27.1    19:23  22.6     6:23   40    0  0.00   9  35    12:57 WNW1015.53   86
23   25.3  28.0    20:01  22.2     6:34   40    0  0.00   9  34    15:03 WNW1019.73   79
24   26.6  32.2    17:15  21.9     6:42   38    0  0.00  10  40    17:58 WNW1020.23   66
25   28.2  33.4    18:46  23.1     7:50   37    0  0.00   9  35    15:36   W1020.05   60
26   28.0  34.2    17:36  23.5     6:17   37    0  0.00   9  39    17:23 WNW1020.08   66
27   26.2  27.8    17:07  23.6     6:52   39    0  0.00  10  42    16:10   E1019.77   81
28   25.9  28.6    19:41  23.1     6:21   39    0  0.00   9  42    16:48 WNW1020.04   83
29   26.9  31.9    18:19  23.3     6:18   38    0  0.00   8  39    14:58 WNW1018.29   75
30   28.8  36.3    16:13  23.2     7:24   36    0  0.00   6  27    12:08 WNW1016.01   72
31   29.1  33.2    17:31  23.8     3:45   36    0  0.00   6  29    16:25 ESE1016.05   61
---------------------------------------------------------------------------------------
TOT  25.6  37.4  11/7/16  19.6  16/7/16 1220    0 22.80   8  48  13/7/16 WNW1019.73   78

HEAT BASE: 65.0
COOL BASE: 65.0