Informes Climáticos de Piles estilo NOAA


Report for 2017 Julio
                  MONTHLY CLIMATOLOGICAL SUMMARY FOR 7/2017
                                        HEAT  COOL        
     MEAN                               DEG   DEG       WIND SPEED       DOM MEAN  MEAN
DAY  TEMP  HIGH   TIME     LOW   TIME   DAYS  DAYS RAIN AVG  HI  TIME    DIR BAROM HUM
---------------------------------------------------------------------------------------
1    22.0  24.6     0:00  16.9     7:27   43    0  4.20  11  47     4:57 ESE1022.25   73
2    22.2  25.9    20:26  18.7     6:49   43    0  0.00  10  35    17:39   W1024.98   69
3    23.6  27.9    18:03  19.2     6:13   41    0  0.00  10  40    15:13   W1023.96   68
4    23.4  25.5    16:38  20.6     6:55   42    0  0.00   9  37    16:49   E1021.25   80
5    23.3  25.5    13:57  20.1     6:18   42    0  0.00   7  23    13:18 ENE1019.38   88
6    24.9  28.4    12:18  22.2     7:03   40    0  0.00   6  35    20:04  NE1019.57   82
7    24.3  25.5    17:26  23.2     2:41   41    0  0.20   6  26    11:21  NW1018.69   90
8    26.9  31.7    17:50  22.9     5:10   38    0  0.40   9  34    13:27   W1015.23   79
9    28.1  34.0    19:41  24.0     7:14   37    0  0.00  11  34    15:21   W1014.77   59
10   26.9  33.8    18:32  22.8     6:02   38    0  0.00   9  40    17:04 ENE1014.48   76
11   25.6  27.3    15:57  23.6     7:09   39    0  0.00   9  24    11:17   W1017.17   87
12   26.6  32.3    17:59  23.7     7:19   38    0  0.00   7  32    20:35  NE1018.97   89
13   26.1  29.7    19:56  23.1     7:32   39    0  0.00   8  34    17:16   N1019.95   92
14   26.3  28.2    16:42  24.8     7:02   39    0  0.00   9  39    16:55 ESE1019.40   90
15   26.1  29.7    17:57  23.4     6:12   39    0  0.00  11  45    16:00 ESE1020.20   81
16   27.9  33.4    17:56  23.3     7:03   37    0  0.00   9  40    16:12  SE1020.89   60
17   25.8  27.7    16:53  23.3     7:06   39    0  0.00  10  39    17:09   W1020.49   82
18   26.2  28.3    19:46  23.8     4:05   39    0  0.00  10  47    16:57 ESE1018.06   82
19   25.9  27.5    16:22  23.4     4:04   39    0  0.00   5  24    15:20 ENE1015.70   87
20   26.0  28.1    16:58  23.1     6:46   39    0  0.00   7  31    13:26 ENE1013.95   90
21   26.5  28.1    20:31  24.8     6:28   39    0  0.00   7  29    16:41 ENE1013.37   88
22   26.5  28.5    16:57  24.1     7:19   38    0  0.00   8  31    14:53   E1015.52   87
23   26.4  28.2    18:06  24.3     7:58   39    0  0.00   7  23    13:36 ENE1018.85   88
24   26.5  28.2    15:06  24.5     6:34   39    0  0.00   9  34    18:59 WNW1018.20   85
25   25.9  27.0     0:45  24.8    22:17   39    0  0.00  10  31    15:23 ENE1017.31   76
26   25.9  29.0    19:11  22.8     7:14   39    0  0.00  10  40    17:20   E1016.37   81
27   29.2  37.9    19:58  24.1     6:54   36    0  0.00   7  39    18:27 ENE1015.50   76
28   27.0  29.1    17:14  24.4     7:05   38    0  0.00   7  26    10:38 NNE1016.87   91
29   27.8  34.0    18:24  25.4     7:02   37    0  0.00   7  27    22:47 NNW1017.35   87
30   27.4  32.3    17:54  24.2     7:17   38    0  0.00   8  34    21:21   N1014.33   89
31   26.9  28.2    14:41  25.3     6:36   38    0  0.00   8  24    12:21 NNW1012.70   91
---------------------------------------------------------------------------------------
TOT  25.9  37.9  27/7/17  16.9   1/7/17 1211    0  4.80   8  47   1/7/17 ENE1017.93   82

HEAT BASE: 65.0
COOL BASE: 65.0