Informes Climáticos de Piles estilo NOAA


Report for 2018 Febrero
                  MONTHLY CLIMATOLOGICAL SUMMARY FOR 2/2018
                                        HEAT  COOL        
     MEAN                               DEG   DEG       WIND SPEED       DOM MEAN  MEAN
DAY  TEMP  HIGH   TIME     LOW   TIME   DAYS  DAYS RAIN AVG  HI  TIME    DIR BAROM HUM
---------------------------------------------------------------------------------------
1    12.3  17.6    12:46   8.2    23:58   53    0  0.00  10  39    11:37 WNW1012.77   78
2     7.2   9.3    17:30   5.4    10:34   58    0  0.00  11  45     7:31 WNW1010.34   84
3     9.6  14.3    16:40   5.5     3:05   55    0  0.00  16  43    10:56   W1016.99   53
4    10.2  11.3     0:07   8.6    23:56   55    0  0.00   6  37     3:12 WNW1012.15   68
5     8.6  10.9    16:09   6.9    23:54   56    0  0.00   5  24    18:16   W1008.34   94
6     6.8   8.1    16:34   5.4    22:56   59    0  0.00   9  26    20:44 WNW1009.47   91
7     7.6  10.8    14:16   5.1     3:31   56    0  0.00   6  27     4:17   W1015.87   81
8     7.8  11.1    17:52   3.8     8:18   57    0  0.00   6  19     9:16   W1020.68   62
9     8.6  11.6    14:08   4.4     8:14   56    0  0.00   9  32    20:31   W1020.81   62
10    9.5  11.8    12:44   6.4     6:10   55    0  0.00  11  35     1:31   W1021.13   55
11   12.8  20.3    16:32   6.5     2:44   52    0  0.00  14  39    15:24   W1020.54   58
12   12.0  15.6     0:29   7.6    20:55   53    0  0.00  10  45     4:26 WNW1019.42   82
13   11.0  16.6    16:50   5.7     2:58   54    0  0.00  15  50    22:16   W1021.52   58
14   14.6  18.3    14:58  12.0     4:14   50    0  0.00  16  48     0:52 WNW1020.81   60
15   16.1  21.2    13:40  13.2     7:31   49    0  0.00  12  37     0:33   W1024.15   67
16   14.1  16.8    17:33  11.5     8:25   51    0  0.00   3  16     3:37   W1024.65   83
17   13.8  18.4    12:00   9.8     4:35   51    0  0.00   5  27     9:46 WNW1022.49   87
18   11.7  13.4     4:04   9.3    22:58   53    0  0.00   5  24     6:10 WNW1023.90   94
19   12.3  15.4    15:51   9.2     0:04   53    0  0.00   7  26    17:25   W1019.11   84
20   15.1  21.1    15:42  11.4     7:24   50    0  0.00  10  34    15:30   W1014.58   66
21   11.1  13.8    11:47   7.6    23:58   54    0  0.00  10  40    16:34   W1009.99   74
22    8.4  11.9    13:04   5.8     7:52   57    0  0.00   6  23     9:47   W1008.87   76
23    7.5  10.7    17:24   4.7     8:36   57    0  0.00   7  19     6:35   W1008.92   66
24    8.4  12.1    17:30   4.3     7:42   57    0  0.00   8  24    18:05   W1009.85   79
25   11.0  14.6    17:33   6.0     7:32   54    0  0.00   7  24    22:49   W1011.91   73
26   12.7  13.9    12:20   9.6     7:23   52    0  0.00   9  31     3:24 WNW1008.61   61
27    8.7  11.8     0:00   6.5    22:11   56    0  0.00   9  31    11:20   W1008.24   94
28    8.3   9.7    21:22   6.8     0:00   57    0  0.00   3  19     0:00 WNW1003.08   98
---------------------------------------------------------------------------------------
TOT  10.6  21.2  15/2/18   3.8   8/2/18 1522    0  0.00   9  50  13/2/18   W1015.32   74

HEAT BASE: 65.0
COOL BASE: 65.0