Informes Climáticos de Piles estilo NOAA


Report for 2018 Noviembre
                  MONTHLY CLIMATOLOGICAL SUMMARY FOR 11/2018
                                        HEAT  COOL        
     MEAN                               DEG   DEG       WIND SPEED       DOM MEAN  MEAN
DAY  TEMP  HIGH   TIME     LOW   TIME   DAYS  DAYS RAIN AVG  HI  TIME    DIR BAROM HUM
---------------------------------------------------------------------------------------
1    13.3  17.4    16:23   9.5     3:30   52    0  0.00   9  26     6:18   W1015.61   73
2    14.7  18.7    15:13  12.4     1:30   50    0  0.00   9  32     6:03 WNW1021.66   77
3    14.5  17.3    11:24  11.9     8:14   50    0  0.00   8  21     4:25   W1022.32   78
4    14.5  18.7    11:59  10.7     7:04   50    0  0.00   8  27    10:47   W1014.96   68
5    12.8  15.9    11:55  10.2     5:06   53    0  0.00   6  42    12:22 WNW1008.02   82
6    14.7  18.3    15:41  13.0    20:52   49    0  0.00  13  48    13:26 WNW1015.10   61
7    16.2  21.7    14:10  11.5     7:39   49    0  0.00   7  40    11:07   W1017.81   67
8    15.7  18.1    14:39  12.4     7:48   49    0  0.00   5  18     0:56 WNW1019.54   85
9    15.2  18.1    14:59  13.1     7:38   50    0  0.00  18  51     7:10 WNW1017.61   66
10   16.8  19.7    16:57  15.0     0:39   48    0  0.00  13  43    13:26 WNW1017.81   68
11   17.9  22.3    12:48  13.8    22:27   47    0  0.00   6  34     5:12 WNW1016.92   77
12   16.3  19.3    12:23  11.9     2:26   49    0  0.00   6  21     9:34   W1018.64   94
13   17.4  19.0    13:46  15.8     0:50   48    0  0.00   6  19    12:41 WNW1025.29   96
14   17.4  18.7    12:32  15.3    23:26   48    0  0.00   5  29    23:32  NE1024.80   98
15   16.3  17.7    20:09  15.0     0:21   49    0  0.00   6  32    10:27 WNW1020.13   99
16   16.9  17.8    20:49  16.2     3:00   48    0  0.00   5  27    23:33   N1021.01   99
17   17.1  17.2     0:46  17.1     0:21    2    0  0.00  18  27     0:00 ENE1020.28   98
---------------------------------------------------------------------------------------
TOT  15.7  22.3 11/11/18   9.5  1/11/18  791    0  0.00   8  51  9/11/18 WNW1018.57   81

HEAT BASE: 65.0
COOL BASE: 65.0