Informes Climáticos de Piles estilo NOAA


Report for 2019 Febrero
                  MONTHLY CLIMATOLOGICAL SUMMARY FOR 2/2019
                                        HEAT  COOL        
     MEAN                               DEG   DEG       WIND SPEED       DOM MEAN  MEAN
DAY  TEMP  HIGH   TIME     LOW   TIME   DAYS  DAYS RAIN AVG  HI  TIME    DIR BAROM HUM
---------------------------------------------------------------------------------------
1    16.9  18.9    14:26  11.8    23:43   48    0  1.00  19  76    20:49   W997.44   53
2    12.3  15.4    15:03   9.8    23:32   53    0  0.00  22  61    13:31 WNW1005.89   45
3    10.2  13.1    14:39   7.6    23:58   55    0  0.00  22  68    15:40  NW1021.73   38
4     9.9  14.1    12:57   5.9     7:56   55    0  0.00   9  26    11:14   W1028.77   47
5    13.7  18.7    13:09   9.2     2:52   51    0  0.00   7  24     9:23   W1028.50   52
6    14.4  18.9    17:30  10.9     7:30   51    0  0.00   4  19     3:35   W1026.37   68
7    14.8  21.2    13:16   9.3     4:01   50    0  0.00   7  27     6:03   W1023.52   70
8    13.2  18.7    16:52   8.8     8:24   52    0  0.00   6  19     6:36   W1024.56   82
9    14.3  18.6    11:46  10.9    23:52   51    0  0.00  10  34    10:19   W1023.62   70
10   15.3  19.6    16:15   9.8     1:15   50    0  0.00  12  51    10:34 WNW1023.13   59
11   13.8  15.8    11:15   9.4    22:38   51    0  0.00  11  34     0:22 WNW1028.20   76
12   10.8  13.9    11:27   7.1     7:57   54    0  0.00   7  19     9:38   W1034.27   81
13   11.1  15.3    17:00   7.8     8:11   55    0  0.00   7  24    17:23   W1034.13   77
14   11.2  13.8    13:31   7.8     0:20   53    0  0.00   6  18    14:53 WNW1035.81   79
15   11.3  12.7    16:56   9.1     3:47   54    0  0.00   5  23    13:19 WNW1032.71   83
16   11.1  13.4    14:27   8.6    23:57   54    0  0.00   6  24    13:44   W1031.61   85
17   10.5  12.9    15:12   7.1     4:03   54    0  0.00   7  19     3:37   W1028.62   88
18   11.4  14.3    14:12   8.7     4:23   54    0  0.00   6  19     4:37   W1024.48   88
19   11.4  13.7    15:29   9.2     7:07   54    0  0.00   6  24    13:06   W1024.05   89
20   11.3  14.2    11:36   8.5     6:41   54    0  0.00   7  21    13:50   W1027.15   87
21   11.1  14.2    15:41   7.7     7:38   54    0  0.00   7  21    16:22   W1031.83   87
22   13.6  19.3    17:39   8.5     4:34   51    0  0.00   7  18     4:38   W1031.89   63
23   14.9  19.9    11:14  10.9    23:30   50    0  0.00   6  23     7:10   W1028.78   58
24   12.3  15.4    12:55   9.9    23:09   53    0  0.00   7  24    13:45   W1034.33   87
25   11.4  14.9    15:35   7.3     7:11   54    0  0.00   8  24    17:30   W1034.79   81
26   13.1  18.9    11:59   8.7     7:31   52    0  0.00   7  23     6:56   W1032.23   58
27   15.1  21.7    17:33  10.1     3:57   50    0  0.00   6  23    23:08   W1028.93   52
28   17.2  21.9    10:59  12.4    23:32   48    0  0.00   7  27     2:52   W1027.41   47
---------------------------------------------------------------------------------------
TOT  12.8  21.9  28/2/19   5.9   4/2/19 1463    0  1.00   9  76   1/2/19   W1026.95   70

HEAT BASE: 65.0
COOL BASE: 65.0